2 - 9*q - 18. Let m be u(10). Let v be (-2)/m - (-3078)/(-24). Let w = -130 - v. Give b(w).
4
Let t(y) be the third derivative of y**6/120 + y**5/30 + y**4/8 - y**3/3 + y**2 - 4*y + 95. Determine t(0).
-2
Let q = 1361 + -1369. Let p(m) = -m**3 - 6*m**2 + 8*m - 16. Determine p(q).
48
Let r(p) = -21*p - 16. Suppose -11*u - 36 - 28 = 21*u. Determine r(u).
26
Let o be (-4)/(-10) + (-119)/35. Suppose -g + 8 = 5*f, 11 = 5*g + 2*f - 6. Let s(h) = -20*h - 12*h - g - 14*h + 50*h. Determine s(o).
-15
Suppose -u - 29*l - 43 = -24*l, l + 32 = -2*u. Let v(p) = -2*p**2 - 32*p - 79. Calculate v(u).
-1
Let s(z) = z**3 + 9*z**2 + 10*z + 9. Let r(b) = b**3 + 8*b**2 + 9*b + 8. Let m = -80 - -85. Let v(q) = m*s(q) - 6*r(q). Calculate v(-2).
1
Let a(l) = 18*l - 2 - 66*l + 28*l. Give a(1).
-22
Let u = -14 + 20. Let o = 10 - u. Let j = 10 - o. Let w(i) = i**3 - 6*i**2 - 2*i + 5. Determine w(j).
-7
Let j(t) = t**2 + 3*t + 1. Suppose -3*n - 9*n = -660. Let y = n + -43. Let o be y + -11 - 5/1. Calculate j(o).
5
Let z(f) be the third derivative of -1/120*f**6 - 3/2*f**3 + 0 + 0*f + 3/8*f**4 + 87*f**2 - 3/20*f**5. Determine z(-10).
1
Let o(f) be the first derivative of 147 + 2*f + 3/2*f**2. Give o(-2).
-4
Let a(m) = 2*m**2 - 26*m + 86. Let s be a(7). Let t(d) be the second derivative of 0 + 5/6*d**3 - 1/12*d**4 + s*d - 3*d**2. Calculate t(6).
-12
Let w(c) = 5 + 0*c - c + 2*c. Suppose 10*p + 26*p = -593 + 125. Calculate w(p).
-8
Let n(k) = -17*k - 31. Let r(u) = u**3 - 74*u**2 - 237*u + 457. Let o be r(77). Give n(o).
54
Let d be (-7)/(-6) - (-95)/114. Let l(a) be the first derivative of 1/4*a**4 + 1/2*a**2 - d*a + a**3 + 10. Give l(-3).
-5
Let n(d) = d**2 + d + 2. Let k be 4/(3 - 1)*3465/110. Let u be (k/(-14) - -2)/((-3)/6). Calculate n(u).
32
Let z = 64 + -61. Suppose -33 = 3*q - z. Let h(n) be the third derivative of n**4/24 + 4*n**3/3 - 2*n**2. Calculate h(q).
-2
Let n(j) = j**2 + 3*j - 13. Let a be -4 + -5 + 3 + -5. Let c(u) = -2*u**2 - 5*u + 25. Let l be ((-6)/(-12))/((-1)/12). Let x(y) = a*n(y) + l*c(y). What is x(6)?
11
Let s(k) = -k**3 + 7*k**2 + 7*k + 15. Let b(l) = -26*l + 684. Let m be b(26). What is s(m)?
7
Let i(a) be the second derivative of -a**4/6 - a**3/6 + a**2/2 + 90*a + 8. Calculate i(-3).
-14
Let u(b) = b**3 - 3*b**2 - 9*b + 23. Let t be ((-5200)/70)/(-20) - 8/(-28). Determine u(t).
3
Suppose 0 = -0*z - 7*z + 84. Let f(l) = -16*l + 20. Let u(m) = 3*m - 4. Let r(b) = -2*f(b) - 11*u(b). Determine r(z).
-8
Let n(p) = -4*p + 90. Let d(g) = -7*g + 163. Let z(f) = 5*d(f) - 9*n(f). What is z(-2)?
3
Suppose 9*s - 14*s - i = -1265, 3*i - 1012 = -4*s. Suppose 38*w = s + 51. Let l(z) = -z - 7. Give l(w).
-15
Let v(x) be the third derivative of 0 + 1/2*x**3 + 4*x**2 + 1/4*x**4 - 2/15*x**5 + 1/120*x**6 + 7*x. Give v(5).
-42
Let c = -1033 + 1033. Let d(f) = f**2 - 2*f - 17. Determine d(c).
-17
Let w(o) = -629*o**2 - 1 + 2 - 65*o**3 + 628*o**2 - 24*o**3 + o. Calculate w(1).
-88
Let y(u) = -9 + 2*u**2 + u**2 - 45*u + u**3 - 1 + 44*u + 8*u**2. What is y(-11)?
1
Let v(w) = 3*w. Let x(f) = 8*f + 13. Let r(j) = -4*v(j) + x(j). Give r(9).
-23
Let j(q) = 12*q**2 + 4*q + 11. Let b(g) = -27*g**2 - 6*g - 25. Let t(y) = 2*b(y) + 5*j(y). Calculate t(-2).
13
Suppose -5*a - 10 = k, 5 = -2*k - 3*a - 8. Let o be (-46)/k + 1/(-5). Let r(m) = -m**3 + 9*m**2 - 3*m + 8. Calculate r(o).
-19
Let b(n) = 67 - 66 + 3*n**2 - 3*n**2 + n**2 - 4*n. Let r = 247 + -229. Let t be (-9)/(-6)*60/r. Calculate b(t).
6
Let l(s) be the first derivative of s**3 - s**2 - s - 101. Let a(u) = 11 - 3 + 7 + u**3 + 12*u**2 - 12*u. Let o be a(-13). Determine l(o).
7
Let d be 12/16 - (-5593)/(-476). Let w(b) = b**3 + 10*b**2 - 15*b - 18. Give w(d).
26
Let x(b) = -3 - 4 + 3 - 4*b**2 + 3 + 2*b. Suppose 3*i = -3*s + 3, -2*s + 1 = -4*i + 11. Calculate x(i).
-13
Let l(u) be the first derivative of u**3/3 + 4*u + 409. Let t be 3*(-4)/6*-2. Determine l(t).
20
Let x(r) be the third derivative of -r**6/60 - 3*r**5/10 - r**4/2 - 61*r**3/3 + 197*r**2 + r. Give x(-9).
-14
Let o be 12/(-48)*56 + 18. Let n(d) = 3*d - 24. Determine n(o).
-12
Let c = 2721 + -2726. Let h(w) = -w**3 - 5*w**2 + 3*w + 5. Determine h(c).
-10
Let b(v) = -v**2 - 11*v + 8. Let c = -208 + -25. Let x = c - -222. Calculate b(x).
8
Let i be 0 + -9 + (2 - -1). Let d be ((-42)/(-28))/(i/4). Let r(g) = 6*g - 1. What is r(d)?
-7
Let o(j) = -3*j**2 - 59*j + 17. Suppose 257 = -35*g - 443. What is o(g)?
-3
Let r(o) = 1 - 4*o + 3*o + 6*o - 3*o. Let v(g) = -g**2 + g - 1. Let z be v(7). Let c = -36 - z. Determine r(c).
15
Let x = 47 - 99. Let o be 5*(x/(-40) + -1)*14. Suppose 0 = -o*h + 24*h - 15. Let u(z) = z**3 - 6*z**2 + 4*z - 2. Calculate u(h).
-7
Suppose 5*o + 28 = 3*o. Let u(z) = 122 + 55*z - 53*z + 148 + 131 - 372. What is u(o)?
1
Let o(m) be the first derivative of m**5/20 + 3*m**4/4 + 7*m**3/6 - 7*m**2/2 + 22*m - 69. Let i(k) be the first derivative of o(k). Give i(-8).
1
Let s(x) = 14*x - 308. Let z = 23548 - 23526. What is s(z)?
0
Let b(q) = -q**2 + q - 8. Let l(g) = g**2 + 2*g - 3. Let i be l(-3). Suppose 2 = -a + 4*x, i*a - a - 10 = 4*x. Let n be 16/56 - a/(-21). Give b(n).
-8
Let w(l) = 65 + 131*l**3 + 68 - 135 - 132*l**3 + 2*l**2 + l. Let m = -1 - -3. Calculate w(m).
0
Let w(u) be the first derivative of 2*u - 4. Let m(x) = 15*x + 5. Let f(j) = -m(j) + 3*w(j). Determine f(1).
-14
Suppose 2*c + 77*a - 20 = 73*a, -3*c = 5*a - 31. Let d(w) = w**2 - 16*w + 7. Calculate d(c).
-41
Let j(r) be the third derivative of -r**5/15 + r**4/24 + r**3/6 - 70*r**2. Let u(c) = 4*c - 42. Let g be u(11). What is j(g)?
-13
Let x(y) = y**2 + y + 2. Let o = 329 + -327. Let w(n) = -3*n + 1. Let g(p) = o*w(p) - x(p). Calculate g(-7).
0
Let x(h) be the second derivative of 29*h**3/6 - 129*h**2 + 2*h - 437. Determine x(9).
3
Let o(w) = 2*w**2 + 5*w - 5. Let q = -2826 - -2830. What is o(q)?
47
Let u = -183 - -184. Let k = 12 - 9. Let z(p) = p**2 - 13*p**3 - 4 + 0*p**3 + k. Calculate z(u).
-13
Let u(x) = x**3 - 6*x**2 - 2*x - 6. Let w = 6572 + -6566. What is u(w)?
-18
Suppose -2*o + 0*o + 2 = 0, -o - 3 = 2*x. Let z(w) = -w**3 - 19*w**2 + 1. Let c(k) = -4*k**3 - 59*k**2 - k + 5. Let l(i) = c(i) - 3*z(i). Calculate l(x).
4
Let o(f) = 4*f - 5*f - 13 + 28. Let r(p) = -6*p + 3. Suppose 3*u + 5 = 4*c, 4*c + 0*c - u = -1. Let b be r(c). Calculate o(b).
6
Let k(p) = 2*p**2 - 3*p - 6. Let h be k(-1). Let y(t) = 4*t**3 - t**2 + 2*t + 3. Give y(h).
-4
Let d(r) = 21*r**2 + 100*r - 449. Let b(c) = 4*c**2 + 20*c - 87. Let o(s) = -11*b(s) + 2*d(s). What is o(-12)?
11
Let x(d) = 561*d + 5. Let n(m) = -140*m. Let y(z) = -4*n(z) - x(z). Let j(b) = -2*b + 4. Let p be j(4). Determine y(p).
-1
Let w = 288 - 286. Let k(u) = 3 + 3*u + w*u - 6*u - 12. Determine k(-8).
-1
Suppose 0 = -k + 224 - 206. Suppose 0 = -5*u - 4*y + k, 23*y - 10 = -4*u + 22*y. Let j(d) = 5*d**2 + d - 1. Calculate j(u).
21
Suppose h + 14*g = 10*g - 23, 3*g - 16 = 4*h. Let t be 78/14 - h/49*-4. Let l(f) = -f**3 + 6*f**2 - 3*f + 4. Give l(t).
14
Let t(l) = -14*l - 17. Let i(h) = -31*h - 30. Let c(z) = 2*i(z) - 5*t(z). What is c(-3)?
1
Let p = -78 + 83. Suppose -p*l = 4*l - 45. Let d(x) = -x**3 + 4*x**2 + 6*x - 5. Give d(l).
0
Let h(a) = a**3 + 20*a**2 + 5*a + 106. Let s be (-14 + 6 - -1) + 6 + (-29 - -10). What is h(s)?
6
Let h(l) = -19*l - 2. Suppose 4*g + 26 - 28 = 5*o, 3*o - 3*g = -3. What is h(o)?
-40
Let c = -17 + 17. Suppose -d + 4 + 2 = c. Let v(w) be the second derivative of w**3/6 - w**2/2 - 23*w. What is v(d)?
5
Let w(b) = -29*b - 135. Let r be w(-5). Let m(x) = -5*x + 49. Give m(r).
-1
Let d(o) = -5 + 4 - 5366*o - 6 + 5358*o. Give d(11).
-95
Let t(l) be the third derivative of 3*l**4/8 + 43*l**3/3 + 2321*l**2. Calculate t(-10).
-4
Let h(p) = p - 1. Let f be ((-7)/(21/18))/(-2). Suppose 19 = u + 2*u + 4*y, -14 = -f*u + y. Suppose 0 = 5*b + 5*v - u - 5, 0 = -v + 2. What is h(b)?
-1
Let q be (-8)/2 + 69/3. Let f = q - 33. Let a be -1*((-49)/f)/((-2)/4). Let t(j) = j - 2. Determine t(a).
5
Let x(r) = r**2 + 21*r - 18. Let m = 33 + -55. Let k be x(m). Let l(y) = -7 - 12 + 21 + k*y + y**2 + 4*y. What is l(-6)?
-10
Let o(z) be the first derivative of -7*z**2/2 - z - 246. Let t(y) = 2*y**2 + 14*y - 1. Let h be t(-7). Give o(h).
6
Let a be -52 + 68 + (2 - 2). Let j(l) = l**3 - 15*l**2 - 19*l + 17. Calculate j(a).
-31
Let s(q